alculate j(-2).
0
Let a = -2 - -2. Let k be (-4 - -3)/(1/(-4)). Let m(i) = -i + 6. Let b(u) = -u + 6. Let y(w) = k*m(w) - 5*b(w). What is y(a)?
-6
Let q(r) be the first derivative of -r**6/360 + r**5/24 + r**3/3 - 1. Let u(o) be the third derivative of q(o). What is u(4)?
4
Let r(o) be the third derivative of -o**4/24 + 3*o**3/2 + 3*o**2. Let q be r(7). Let c(j) be the second derivative of -j**5/20 + j**3/6 - 2*j. Determine c(q).
-6
Let j(k) = 6*k**2 + 6*k + 3. Let y(n) = -2*n**2 - 2*n - 1. Let r(p) = -4*j(p) - 11*y(p). Let z(u) = -u + 5. Let a be z(6). Give r(a).
-1
Let a(t) = -7*t**3 + 19*t**2 + 23*t - 3. Let p(z) = 3*z**3 - 9*z**2 - 11*z + 2. Let c(b) = 2*a(b) + 5*p(b). Calculate c(8).
-4
Let j(s) = -3*s + 2. Let b(u) = 7*u - 4. Let q(k) = -4*b(k) - 9*j(k). Suppose 2*v = -4*z, -v - z - 18 = 4*v. What is q(v)?
2
Let r(z) be the first derivative of -z**3/3 + 7*z**2 - 18*z + 2. Let t be r(12). Let j(k) = 3*k**3 - t*k**3 - 4*k**3 + 4*k**3. Calculate j(1).
-3
Let t(s) = s**2 - 4*s + 2. Let b(v) = -4*v - 3. Let y be b(-2). Suppose -4 + 24 = y*z. Calculate t(z).
2
Suppose 0*y = 4*y - 4. Let i(p) = 1 - p**2 + 2*p + y + 2. Calculate i(3).
1
Let p be 1*5/(-2) + (-9)/(-18). Let u(g) = -g**2 + g + 4. Let i(x) = 5*x**2 - 6*x - 21. Let j(o) = 2*i(o) + 11*u(o). Give j(p).
0
Let p be (4/3)/(1/3). Let k(o) = o**3 - 5*o**2 + 4*o + 4. Determine k(p).
4
Let j(o) = -o**3 - 10 + 7 - 26*o**2 + 22*o**2. Let y(p) = p**2 - 2*p + 2. Let k be y(2). Suppose 5*d - 3*l = -11, -5*d + k*d - 4*l = 24. Determine j(d).
-3
Let o(n) be the first derivative of -n**3/3 + n**2/2 + 2. Calculate o(4).
-12
Let x(u) = u**2 - 5*u + 3. Let l be x(5). Let y(k) = -2*k + l*k - 1 + 4. Determine y(3).
6
Let n = 16 - 15. Let x(m) = -5*m + 1. Give x(n).
-4
Suppose -2*b = -0*b + 4. Let k be 5 - (1 - 0/b). Let r(d) = -6 + 3*d - d + 0. Give r(k).
2
Let f(h) = h - 2*h - 3*h**2 + 1 + 2*h**2 + 0*h**2. Calculate f(-2).
-1
Let v be (6/(-15))/((-1)/5). Let s(y) = 0*y - 3*y**2 - y - 4 + 2*y**v + 3. Give s(0).
-1
Let t(x) = -2*x**2 - 7*x + 19. Let k(w) = -w**2 - 4*w + 9. Let l(f) = 5*k(f) - 2*t(f). Give l(-5).
12
Let j(m) = m - 7. Let o(u) = 21*u**3 + u. Let n be o(1). Suppose -q - 8 = -4*a, 4*q + 2*a = -0*q + n. Give j(q).
-3
Let k(x) = x - 6. Let u(b) = -3*b + 13. Let i(d) = 5*k(d) + 2*u(d). Let n = 8 - 4. Suppose m = n, 2*z - 5*m + 3 = -11. What is i(z)?
-7
Let d(q) be the second derivative of 1/3*q**3 - 1/20*q**5 + 2*q**2 + 0 + q - 1/4*q**4. Calculate d(-3).
-2
Let j(u) = u**3 - 7*u**2 + 6*u - 2. Let t be (7/(-35))/(72/75 - 1). Calculate j(t).
-22
Let a(h) = 199*h - 98*h - 98*h + 8. Determine a(-6).
-10
Let q(z) = -z**3 + 7*z**2 - 2*z + 10. Suppose 3*l + 0*l - 21 = 0. Let r be q(l). Let n be r*((-50)/8)/(-5). Let j(m) = m**2 + 7*m + 2. Give j(n).
-8
Suppose 2 = -4*s - 10. Let u(w) = -15*w + 2. Let m(n) = -4*n + 1 - 2*n - 2*n. Let q(h) = 11*m(h) - 6*u(h). Calculate q(s).
-7
Let q(h) be the first derivative of -8*h + 6 - 4*h**2 - 1/3*h**3. Determine q(-7).
-1
Let h(b) = 2*b + 18. Let s be h(-9). Let r(f) = -f**2 - f + 0*f**2 + 5*f + s*f. Calculate r(4).
0
Let z(f) be the first derivative of -f**3/3 + 5*f**2/2 - 5*f + 11. Determine z(5).
-5
Let u = 7 + -8. Let c = 3 - u. Let m(f) = f**2 - f - 1. Give m(c).
11
Let y(n) = -n - 7. Suppose 4*d = -14 - 6. Give y(d).
-2
Let g = -1 + -3. Let j(p) be the third derivative of -p**6/120 - p**5/12 - p**4/6 + 5*p**3/6 + 3*p**2. Determine j(g).
5
Let o(k) = -4 + 6*k**2 + 3 + 2 + 0*k**2 - k. What is o(1)?
6
Let c = 20 + -16. Let r be (3 + -2)/(1/3). Let d(f) = -c*f + 1 + 4*f + 6*f**r. Determine d(-1).
-5
Let d(l) be the third derivative of -5*l**2 - 1/60*l**5 + 0*l**3 + 0*l + 0 - 1/24*l**4. Suppose -2 = 5*g - 5*t + 13, -2*t = -2. Calculate d(g).
-2
Let m(l) = 3*l. Let p be m(-2). Let c = p - -9. Let b(y) = -y + 5. Give b(c).
2
Let n = 0 - 1. Let x(a) be the second derivative of -2*a**5/5 + a**3/6 + a**2/2 - a. Determine x(n).
8
Let i be 2/((-2)/1)*-3. Suppose i*g = 6*g + 15. Let r(f) be the first derivative of -f**4/4 - 4*f**3/3 + 3*f**2 - f - 13. Determine r(g).
-6
Let a(f) = 4*f**2 + f + 1. Let i be a(-1). Let h be ((-15)/(-6) - 2)*i. Let x be (-4)/8*(0 - h). Let b(c) = -6*c + 1. Give b(x).
-5
Let j = -7 + 11. Let x(t) be the second derivative of t**4/24 + 3*t**2/2 - 3*t. Let l(d) be the first derivative of x(d). Give l(j).
4
Let g(t) be the second derivative of t**5/30 - 2*t**2 + 2*t. Let c(d) be the first derivative of g(d). Calculate c(1).
2
Let h(f) = -14*f**3 - 1 + 15*f**3 + 8 - 4*f**2 - 9*f. Give h(6).
25
Let g(k) = k**3 - 3*k**2 + 4. Let i be g(3). Suppose 2*j = -4*t - 24, -i*t - 5*j - 49 = -13. Let u(y) = y**3 - 9*y + 1 + 9*y + 4*y**2. Give u(t).
1
Let u be -2*2/(4/2). Let y = 0 - 4. Let m be ((-3)/2)/(u/y). Let g(q) = q**3 + 3*q**2 + 3*q + 4. What is g(m)?
-5
Let l(a) be the third derivative of a**4/4 - a**3/3 - 2*a**2. Let b(n) = 3*n - 1. Let w(x) = 5*b(x) - 3*l(x). Determine w(-1).
4
Let u(r) = -3*r**3 - 3*r**3 + 9*r**2 + 5*r**3 - 10*r**2 + 9. Give u(0).
9
Let i(n) = -n + 2. Let b = 6 + -1. Suppose -5*f + 26 = 7*a - 3*a, b*a - 25 = -5*f. Give i(f).
-4
Let m(c) = -c**2 + 4*c + 4. Suppose 0*w + 12 = 3*w. Let j = -1 + w. Calculate m(j).
7
Let r(p) = p**2 + p + 2. Let s(d) = -d**2 - 11*d - 9. Let w be s(-9). Suppose -t - 3*n + 4 = -w, 0 = -2*t - 5*n + 21. Determine r(t).
4
Suppose 3*u - 1 = -7. Let n(i) = i**3 + 2*i**2 - 2*i - 1. Let b be n(u). Let g(m) = b*m**3 + m**3 + 2*m - 3*m**3 + 3*m**2. Give g(-2).
0
Let d(m) be the third derivative of -m**4/24 - 2*m**3 - 15*m**2. Determine d(-10).
-2
Let l(q) = -q**2 + q + 1. Let n(a) = -a**3 - 4*a**2 + 2. Let i(k) = l(k) + n(k). Let w = -4 - -10. Let b = w - 11. Calculate i(b).
-2
Let q(x) = -x**3 + 8*x**2 - 5*x - 8. Let r = -11 + 13. Let f be (3 - r)*5 - -2. Determine q(f).
6
Let m(b) = -5*b - 778 + 772 + 4*b. What is m(0)?
-6
Suppose 3*y - 5*f - 15 = -2*y, -5*y + 27 = f. Let z(l) = 0 + 2 - y + l - 1. Let a = 7 - 3. What is z(a)?
0
Let u(s) be the first derivative of -s**4/12 + s**2/2 - 4*s + 3. Let t(f) be the first derivative of u(f). Let r be 0 - (-1)/(1 - 0). Calculate t(r).
0
Let f(b) = b**2 - 2. Let t be f(-2). Let c(s) be the third derivative of -s**6/60 + s**5/15 - s**4/8 + 12*s**2. Calculate c(t).
-6
Let m = -11 - -19. Let k(v) = v - 9. What is k(m)?
-1
Let o(q) = 7*q**3 - 1. Let b(p) be the second derivative of 0 - 1/20*p**5 + 2*p + 3/2*p**3 + 7/12*p**4 - 7/2*p**2. Let c be b(8). What is o(c)?
6
Let n be (-4)/(2*-1) - -9. Suppose -o + 24 = 5*z, -z + n = 2*z + 4*o. Suppose -z*i = 5*k + 40, i - 5*k - 16 + 0 = 0. Let f(c) = c**2 + 3*c - 2. What is f(i)?
2
Let q(a) = -a - 1. Let w(i) = -i + 1. Let f be w(-1). Let v = f + -2. Suppose -2*k = u + 8, -k = -4*u - v - 5. Give q(u).
1
Let c(u) = 2*u + 40 - 30 - 4*u. Let g be c(6). Let a(s) be the first derivative of s**4/4 + 2*s**3/3 + s**2/2 - s + 1. Calculate a(g).
-3
Let b(d) = d**3 + 5*d**2 + 6*d + 5. Let n be (-2)/5 - 62/(-5). Suppose -2*m - 3*m - 4*l = n, m + 8 = 2*l. Give b(m).
-3
Let a(v) = v**3 - 10*v**2 + 8*v - 5. Let s = 41 + -32. Determine a(s).
-14
Let v(w) = 9*w + 1. Let a be (5 + -6)/((-1)/(-1)). Give v(a).
-8
Suppose -j - 4*k - 7 = -k, 2*k = -6. Let i(n) = -3*n**2 + 6*n + 1. Let o(z) = 13*z**2 - 25*z - 5. Let y(p) = j*o(p) + 9*i(p). What is y(3)?
2
Let h(l) = l**3 + 3*l**2 + 2*l + 2. Let p(z) = -z**2 - 8*z - 14. Let t be p(-6). Calculate h(t).
2
Let o be 4 - 2/4*2. Suppose o*r - 10 = 8*r. Let u(m) = 4*m**2 + 2*m - 2. Calculate u(r).
10
Suppose 5*l - 4*n = 81, -4*l = 6*n - 4*n - 44. Suppose 7 + l = -5*q. Let k(j) be the first derivative of j**4/4 + 4*j**3/3 - j**2/2 - 3*j + 2. Determine k(q).
1
Let n(j) = -3*j. Let l(i) = -i**3 - 5. Let c be l(0). Let z(p) = -4*p. Let x(t) = c*n(t) + 3*z(t). What is x(1)?
3
Let o(t) be the third derivative of t**4/24 - t**3/6 - 11*t**2. Give o(1).
0
Let q be (2/(-6))/(1/(-6)). Suppose 0 = -3*i - 6, -q*a - 2*i = a + 1. Let n(z) = -3*z**3 - z**2 + 1. Determine n(a).
-3
Let r(f) = -f**2 + 5*f. Let w be r(5). Let o = w - 6. Let z(s) = -s**2 - 7*s - 7. What is z(o)?
-1
Let g = 117 - 111. Let w(h) = -h**2 + 2*h + 6. Determine w(g).
-18
Let w be (-1)/(-2 + 21/9). Suppose 4*r - u = 2*u + 1, 26 = 4*r + 2*u. Let g(d) = -4 + 4 + d + r. Give g(w).
1
Let a be (-72)/(-15) + 3/15. Let y(b) = -b**2 + 6*b - 10. Let p be y(a). Let 